nder when r is divided by 30?
14
Let m be (36/(-15))/((-1)/5). Suppose 4*d - q = 6 + 5, 0 = -5*d - 2*q + 4. Suppose 0 = -d*a + m - 8. What is the remainder when 9 is divided by a?
1
Let i = 83 + -22. Suppose 47*j + 252 = i*j. Calculate the remainder when 50 is divided by j.
14
Suppose 0*s = -s + 147. Let m(w) = -123*w + 2635. What is the remainder when s is divided by m(21)?
43
Let u = -138 + 141. Suppose 2*l - u*l = -71. What is the remainder when l is divided by 19?
14
Suppose 0*w - 344 = -4*w. Let v(i) = -6*i**2 + 9*i - 7. Let q be v(3). Let g = q - -63. Calculate the remainder when w is divided by g.
28
Let z(w) = w**3 - 9*w**2 + w + 19. Let h be z(9). Suppose -10*i = -12*i + h. Calculate the remainder when 531 is divided by i.
13
Let k(t) = 32*t**2 + 4*t + 2. Let p(b) = -63*b**2 - 8*b - 4. Let a(v) = -5*k(v) - 3*p(v). What is the remainder when 99 is divided by a(-1)?
18
Let n be (48/40)/(2/70). Suppose -2*l = l - n. Let z = 435 + -383. What is the remainder when z is divided by l?
10
Let c(u) = u**3 - 18*u**2 + 8*u + 164. Suppose -65 = -4*h - 3*j, -5*h + 100 = -5*j + 10. What is the remainder when 22 is divided by c(h)?
0
Let n(i) = -i**2 - 30*i + 239. What is the remainder when 565 is divided by n(-36)?
13
Let b(g) = 5*g**2 - 47*g - 214. Calculate the remainder when 5719 is divided by b(13).
19
Let a be (-1)/3 - (-80)/24. Suppose a*f - 5 = 2*f. Calculate the remainder when 3*(-82)/(-15) + (-122)/305 is divided by f.
1
Let l be (9 + -9)/(-1 - 0). Suppose l = 4*n + 2*z - 814, -4*z - 196 = -n - 2*z. Calculate the remainder when n is divided by 21.
13
Let n(a) = -9*a + 176. Let y be n(17). Suppose -779 = -y*s - 43. What is the remainder when 112 is divided by s?
16
Suppose -4*b = 22 - 326. Suppose b - 811 = -3*p. Suppose 4*d + 118 = 6*d - 4*m, -4*d - m + p = 0. What is the remainder when d is divided by 21?
19
Suppose 0 = -0*u - 10*u - 76 + 666. Calculate the remainder when 93 is divided by u.
34
Suppose 19 = -2*r + 25. Let o(y) = 2*y**3 - 4*y**2 + 3*y - 6. What is the remainder when 57 is divided by o(r)?
15
Suppose -9*f = -0*f - 261. Suppose -7*c = -9*c - 56. Let n = -11 - c. What is the remainder when f is divided by n?
12
Let n = 17265 - 17236. Let y(d) = 111*d**2 - d + 1. Calculate the remainder when y(1) is divided by n.
24
Suppose 3*o + 16 = 7*o. Suppose 18 = o*j + 5*t + 43, 0 = -t + 3. Let q = 20 - j. Calculate the remainder when 87 is divided by q.
27
Suppose -4*h + 3*r - 4*r = 199, r + 101 = -2*h. Let d = 96 + h. Calculate the remainder when 177 is divided by (d - (-1 - -3))/1.
42
Suppose 356 = -9*s + 302. Calculate the remainder when (7 - 1864/24)*1*s is divided by 61.
58
What is the remainder when (-18)/(-42) - (-24024)/196 is divided by (-3)/(-5) - 951/(-15)?
59
Let r(w) = -2*w + 65*w**2 - 43*w**2 - 7 - 33*w**2. Let x be r(-3). Let s = 143 + x. What is the remainder when s is divided by 23?
20
Suppose 13*g = 11*g + 488. Suppose -4*f - 50 = -k, -5*k + k = -5*f - g. What is the remainder when (k/12)/(2/4) is divided by 7?
4
Let a(x) = -x**3 - 9*x**2 - 18*x - 2. Let d = -135 + 245. Suppose 0 = -t + 6*t - d. What is the remainder when t is divided by a(-2)?
4
Suppose 0 = 3*z - b - 221, -3*z - 2*b = -4*b - 226. Suppose -i + 1 = 0, 4*v - 578 = 3*i - 25. Calculate the remainder when v is divided by z.
67
Let z(v) = 2*v + 391. What is the remainder when z(44) is divided by 60?
59
What is the remainder when (-23)/(115/(-70185)) + 17 is divided by 251?
249
Suppose -8*y + 28 = -12. Suppose v = y*t - 4*v - 15, t + 4*v = -12. Suppose 3*f + 45 = 2*n, f + t = 5. Calculate the remainder when n is divided by 11.
8
Let x = 232 + -166. Let s = x + -61. Let j(m) = -m**3 + 6*m**2 - 3*m + 9. Calculate the remainder when j(s) is divided by 5.
4
Suppose -43*q + 35*q + 11256 = 0. Calculate the remainder when q is divided by 3.
0
Suppose -78 = -2*y - 4*s, -3*y + 0*s = -4*s - 117. What is the remainder when (-148)/(-370)*(-1725)/(-6) is divided by y?
37
Let d(f) = f + 4. Suppose s + 19 = -71. Let w = s - -95. What is the remainder when d(w) is divided by 1?
0
Let r(g) = -g**3 - 14*g**2 + 14*g - 7. What is the remainder when 2847 is divided by r(-15)?
7
Let d(v) = -2159*v + 1107. What is the remainder when d(-4) is divided by 11?
8
Let z = -254 + 249. Let q(o) = o**3 + 3*o**2 - 16*o - 3. Calculate the remainder when 133 is divided by q(z).
25
Suppose 930 = 5*m + 2*l, 3*l = 4*m + m - 955. What is the remainder when 115 is divided by (-1)/4 - (-3619)/m?
1
Calculate the remainder when 315 is divided by (4 - 9)*276/(-20).
39
Let z(i) = 5*i**2 - 79*i + 320. Calculate the remainder when 164 is divided by z(12).
72
What is the remainder when (0 - (-5113)/6) + (-3)/18 is divided by 96?
84
Let o(z) be the first derivative of -6 + 3/2*z**2 + 95/3*z**3 - 2*z. What is the remainder when o(1) is divided by 33?
30
Let y = -59 - -53. Let d be (0 - (-18)/(-4))*y/9. Suppose -2*w - p + 60 = d*w, w + 3*p - 26 = 0. What is the remainder when 19 is divided by w?
8
Let s(d) = d - 19 + 4*d**2 + 4*d**2 + 8*d**2 + 24. Let j = 9 + 14. What is the remainder when s(-2) is divided by j?
21
Let f = -4155 + 4207. Calculate the remainder when 469 is divided by f.
1
Let x(g) be the first derivative of 2*g**2 + 23*g - 217. Suppose -l = m - 3*m - 13, -5*m + 2*l - 31 = 0. What is the remainder when 20 is divided by x(m)?
2
Suppose -15 = -3*t, 4*m = m - 2*t + 109. Let k = m - 22. Let f = -1680 + 1767. What is the remainder when f is divided by k?
10
Let a(d) = -5*d + 11. Let c = 22 - 19. Suppose v + k = 13 + 13, 0 = k - c. Calculate the remainder when a(-6) is divided by v.
18
Suppose 269979 + 9855 = 177*q + 47610. Calculate the remainder when q is divided by 642.
28
Let p(f) = -3*f**2 + 123*f + 202. What is the remainder when 224 is divided by p(42)?
72
Let m = -221 + 237. What is the remainder when 903 is divided by m?
7
Let c(b) = 17*b**2 + 63*b + 257. What is the remainder when c(-5) is divided by 25?
17
Let j(u) = u + 8. Suppose -3*q - 232 + 19 = 0. Let p = q - -109. Calculate the remainder when p is divided by j(5).
12
Suppose 2*p = 4*j - 184, 19075 = -j - 3*p + 19156. Suppose -28 = -2*k - 2*c, 0 = -0*k + 4*k - 3*c - 84. What is the remainder when j is divided by k?
15
Let t(s) = -s**3 - 29*s**2 + 28*s + 48. Suppose 4*w + 116 = -4*c, -3*w - 65 = -w - 5*c. Calculate the remainder when t(w) is divided by 55.
53
Suppose 6268 = 5*n + 207*k - 206*k, -5*n + 6277 = 4*k. What is the remainder when n is divided by 414?
11
Let i be (-3 - -26)*(19 + -18). Suppose -4*m + 66 = 2*g, 23*m - g = 21*m + i. Calculate the remainder when 45 is divided by m.
3
Let r(z) = 8*z + 141. Let w be r(-17). What is the remainder when 7 + (w + 17 - 6) is divided by 6?
5
Suppose -4*i - 4*l + 1572 = 300, -3*i = 2*l - 952. What is the remainder when 1586 is divided by i?
6
Let o = -35 - -120. Calculate the remainder when 1271 is divided by o.
81
Suppose 13436 = 17*c + 4749. Calculate the remainder when c is divided by 486.
25
Suppose 31618 - 26910 = 11*c. Calculate the remainder when c is divided by 137.
17
Let b(c) = -448*c + 136. Let i be b(-3). Suppose 817*f + i = 825*f. Calculate the remainder when f is divided by 62.
61
Let o = -31 - -44. Suppose -6*s - 352 = -5*n, 0 = -n + 12*s - 7*s + 59. Calculate the remainder when n is divided by o.
9
Let s = -36 + 61. Let l be -61 - -64 - -37*(1 + 1). Let p = l + -74. What is the remainder when s is divided by p?
1
Suppose -15*h + 484 + 416 = 0. What is the remainder when h is divided by 28?
4
Let k be (20 - 4)*3/6. Suppose 2*j - 140 = -k*j. What is the remainder when 93 is divided by j?
9
Suppose -30*h - 55*h = -7059 - 45896. Calculate the remainder when h is divided by 82.
49
What is the remainder when 1451 is divided by (-1732)/(-6) + ((-24)/(-42))/(72/(-84))?
11
Let t = -1 + 1. Let o be 10 + 230/40 - 6/(-24). Suppose 4*a - o = 2*a + 3*i, t = 3*i - 6. Calculate the remainder when 39 is divided by a.
6
Let p = -81 - -93. Let s = -6 + p. What is the remainder when 41 is divided by s?
5
Suppose -196 - 32 = -4*o. Let l be 0/(9/3)*5/5. Suppose 21*p + 204 - 834 = l. Calculate the remainder when o is divided by p.
27
What is the remainder when ((-54)/21)/((-6)/140) is divided by 34?
26
Suppose -s = a - 257, -2*s = 3*s - 2*a - 1236. What is the remainder when 277 is divided 